15 a factor of 29118?
False
Does 12 divide 1044?
True
Is 140 a factor of 26460?
True
Is 4625 a multiple of 37?
True
Is 25 a factor of 22675?
True
Is 4184 a multiple of 25?
False
Is 2 a factor of 1502?
True
Is 2 a factor of 234?
True
Does 15 divide 3525?
True
Is 24 a factor of 143304?
True
Does 19 divide 2603?
True
Is 18 a factor of 45325?
False
Is 8 a factor of 62855?
False
Is 95 a factor of 877?
False
Does 12 divide 648?
True
Is 2229 a multiple of 24?
False
Is 13 a factor of 130?
True
Is 760 a multiple of 51?
False
Does 11 divide 970?
False
Is 17 a factor of 698?
False
Is 2037 a multiple of 33?
False
Is 14 a factor of 448?
True
Is 1400 a multiple of 20?
True
Is 52626 a multiple of 49?
True
Is 462 a multiple of 14?
True
Is 32 a multiple of 4?
True
Is 56 a factor of 3808?
True
Is 494 a multiple of 13?
True
Is 13 a factor of 3298?
False
Is 6553 a multiple of 38?
False
Is 13807 a multiple of 14?
False
Is 7 a factor of 205?
False
Does 234 divide 1170?
True
Is 708 a multiple of 4?
True
Is 43 a factor of 293?
False
Is 3627 a multiple of 24?
False
Is 306 a multiple of 9?
True
Is 19 a factor of 1255?
False
Is 2098 a multiple of 27?
False
Does 12 divide 186?
False
Is 476 a multiple of 14?
True
Does 7 divide 1089?
False
Is 25 a factor of 9325?
True
Does 19 divide 133?
True
Is 10845 a multiple of 45?
True
Does 62 divide 305?
False
Is 10 a factor of 920?
True
Is 19 a factor of 5028?
False
Is 41 a factor of 10578?
True
Is 6 a factor of 2822?
False
Is 17255 a multiple of 145?
True
Does 13 divide 2758?
False
Does 5 divide 325?
True
Does 25 divide 3150?
True
Is 8636 a multiple of 37?
False
Does 12 divide 5328?
True
Is 26544 a multiple of 316?
True
Is 3 a factor of 1053?
True
Is 8170 a multiple of 16?
False
Is 38 a factor of 779?
False
Is 96 a multiple of 6?
True
Is 33 a factor of 8514?
True
Is 1116 a multiple of 16?
False
Is 35 a factor of 950?
False
Is 14 a factor of 76031?
False
Is 15050 a multiple of 25?
True
Does 35 divide 1322?
False
Does 54 divide 7999?
False
Is 226 a factor of 37365?
False
Does 21 divide 30996?
True
Is 1428 a multiple of 14?
True
Is 169 a multiple of 7?
False
Is 3984 a multiple of 24?
True
Is 22 a factor of 27268?
False
Is 10 a factor of 1034?
False
Does 72 divide 2592?
True
Is 51 a factor of 549?
False
Does 23 divide 1288?
True
Is 3596 a multiple of 31?
True
Is 7 a factor of 1133?
False
Is 17143 a multiple of 79?
True
Does 27 divide 7973?
False
Is 525 a multiple of 21?
True
Is 9735 a multiple of 15?
True
Is 14 a factor of 16590?
True
Does 92 divide 62535?
False
Does 29 divide 735?
False
Is 30659 a multiple of 23?
True
Does 4 divide 1435?
False
Is 15 a factor of 129?
False
Does 23 divide 3402?
False
Is 57 a factor of 1268?
False
Does 32 divide 7103?
False
Is 20240 a multiple of 14?
False
Is 58 a factor of 30392?
True
Is 60216 a multiple of 24?
True
Is 8 a factor of 11694?
False
Does 173 divide 2595?
True
Is 16 a factor of 32?
True
Is 44375 a multiple of 71?
True
Does 2 divide 2685?
False
Is 5 a factor of 2500?
True
Is 8 a factor of 368?
True
Is 937 a multiple of 4?
False
Is 6360 a multiple of 17?
False
Is 13 a factor of 2119?
True
Is 3458 a multiple of 22?
False
Is 22 a factor of 3872?
True
Is 15 even?
False
Is 11288 a multiple of 42?
False
Is 70 a factor of 15678?
False
Is 9419 a multiple of 6?
False
Is 18291 a multiple of 29?
False
Does 12 divide 47?
False
Does 31 divide 2179?
False
Is 1000 a multiple of 40?
True
Is 6 a factor of 864?
True
Is 10 a factor of 69530?
True
Is 36 a factor of 540?
True
Is 12 a factor of 296?
False
Is 57108 a multiple of 12?
True
Is 11 a factor of 443?
False
Is 199 a multiple of 29?
False
Is 42 a factor of 1104?
False
Is 9 a factor of 48967?
False
Is 10 a factor of 541?
False
Does 16 divide 544?
True
Does 9 divide 908?
False
Is 63441 a multiple of 53?
True
Is 781 a multiple of 4?
False
Does 16 divide 112?
True
Is 57828 a multiple of 12?
True
Is 159 a factor of 4450?
False
Is 655 a multiple of 15?
False
Is 29061 a multiple of 97?
False
Does 14 divide 13930?
True
Does 150 divide 2400?
True
Does 98 divide 1904?
False
Is 16 a factor of 592?
True
Is 18 a factor of 126?
True
Does 2 divide 55?
False
Does 2 divide 116?
True
Does 141 divide 62040?
True
Is 130 a factor of 3900?
True
Is 5 a factor of 125?
True
Is 368 a factor of 76544?
True
Is 200 a multiple of 6?
False
Does 16 divide 1376?
True
Does 7 divide 2849?
True
Is 7 a factor of 10941?
True
Does 35 divide 3710?
True
Does 124 divide 248?
True
Does 57 divide 2451?
True
Is 18464 a multiple of 106?
False
Does 53 divide 1209?
False
Does 35 divide 4165?
True
Is 2805 a multiple of 85?
True
Is 14 a factor of 1022?
True
Does 14 divide 9044?
True
Does 62 divide 2966?
False
Is 6 a factor of 18?
True
Is 1462 a multiple of 17?
True
Is 37262 a multiple of 27?
False
Does 69 divide 3490?
False
Is 384 a multiple of 64?
True
Is 79 a factor of 24648?
True
Is 23 a factor of 1932?
True
Does 199 divide 16983?
False
Is 55 a factor of 38823?
False
Is 117 a factor of 2138?
False
Does 16 divide 816?
True
Does 24 divide 888?
True
Is 621 a multiple of 11?
False
Is 390 a multiple of 51?
False
Is 340 a factor of 104389?
False
Does 8 divide 12445?
False
Is 1360 a multiple of 85?
True
Is 3339 a multiple of 53?
True
Is 222 a multiple of 2?
True
Is 35 a factor of 3360?
True
Is 92 a factor of 644?
True
Is 24 a factor of 1368?
True
Is 2175 a multiple of 3?
True
Is 249 a factor of 3237?
True
Is 10 a factor of 2154?
False
Is 10 a factor of 833?
False
Is 75 a multiple of 43?
False
Does 7 divide 17573?
False
Is 1360 a multiple of 27?
False
Is 2 a factor of 1744?
True
Does 50 divide 19247?
False
Is 3489 a multiple of 7?
False
Is 31 a factor of 804?
False
Does 5 divide 764?
False
Is 30 a factor of 3709?
False
Does 7 divide 83?
False
Is 4376 a multiple of 27?
False
Is 90 a factor of 8624?
False
Is 4717 a multiple of 5?
False
Is 2793 a multiple of 49?
True
Is 2106 a multiple of 19?
False
Is 37 a factor of 9250?
True
Does 105 divide 2835?
True
Does 11 divide 240?
False
Is 10 a factor of 1793?
False
Does 155 divide 69595?
True
Is 1109 a multiple of 2?
False
Is 99 a factor of 990?
True
Is 484 a multiple of 121?
True
Is 16 a factor of 1328?
True
Does 24 divide 333?
False
Is 4 a factor of 8870?
False
Does 133 divide 10057?
False
Does 5 divide 25?
True
Does 54 divide 1396?
False
Is 8268 a multiple of 39?
True
Is 29522 a multiple of 29?
True
Is 741 a multiple of 13?
True
Is 150 a multiple of 25?
True
Does 105 divide 10893?
False
Is 122 a factor of 5866?
False
Does 184 divide 29344?
False
Does 47 divide 32101?
True
Is 876 a multiple of 68?
False
Is 925 a multiple of 21?
False
Is 123 a factor of 7038?
False
Is 11 a factor of 2927?
False
Does 9 divide 5571?
True
Is 440 a multiple of 6?
False
Is 154 a multiple of 10?
False
Is 3746 a multiple of 120?
False
Is 5277 a multiple of 16?
False
Does 8 divide 397?
False
Is 901 a multiple of 39?
False
Is 12832 a multiple of 20?
False
Is 72 a factor of 6282?
False
Is 18 a factor of 4819?
False
Is 1158 a multiple of 3?
True
Is 153 a factor of 29920?
False
Is 128892 a multiple of 320?
False
Is 76 a factor of 4836?
False
Does 122 divide 20214?
False
Is 11 a factor of 229?
False
Is 1218 a multiple of 9?
False
Does 90 divide 22340?
False
Is 166 even?
True
Does 13 divide 455?
True
Is 261 a multiple of 7?
False
Is 66 a factor of 2640?
True
Does 11 divide 154?
True
Is 371 a multiple of 6?
False
Is 27450 a multiple of 14?
False
Is 58 a factor of 49107?
False
Does 8 divide 830?
False
Is 798 a multiple of 21?
True
Is 4 a factor of 274?
False
Does 9 divide 2411?
False
Does 116 divide 18922?
False
Is 2149 a multiple of 108?
False
Is 663 a multiple of 114?
False
Is 21 a factor of 93?
False
Does 5 divide 45?
True
Is 181 a factor of 698?
False
Does 163 divide 10782?
False
Does 88 divide 24112?
True
Is 23 a factor of 69?
True
Is 15 a factor of 10035?
True
Does 13 divide 2470?
True
Is 19 a factor of 2451?
True
Does 21 divide 18438?
True
Is 88 a factor of 60033?
False
Is 48222 a multiple of 18?
True
Is 11 a factor of 396?
True
Is 3382 a multiple of 29?
False
Is 3189 a multiple of 6?
False
Is 43 a factor of 3182?
True
Is 923 a multiple of 25?
False
Does 16 divide 3232?
True
Is 1983 a multiple of 71?
False
Is 336 a multiple of 12?
True
Is 15600 a multiple of 52?
True
Is 42 a factor of 42?
T